-7 + -3 + (16 - 8).
9
Calculate 24 - ((16 - 2) + -2).
12
156 + -142 + 1 + -17
-2
-15 + -1 + -8 - -38
14
Evaluate -16 + (18 - (17 + 5)) + 4 + -15.
-31
Evaluate -1 + -20 - (208 - 209).
-20
What is 15 + -24 + 5 - -14?
10
What is the value of -1 + 1 - (-51 + 40 - 15)?
26
Evaluate 597 + -596 - (-13 + 2 + 1).
11
(-59 - -20) + 20 - -10
-9
Calculate (-1 - -13) + -17 + 13 + -2.
6
0 + (9 - (3 - -9)) + -9
-12
What is the value of 7 + -17 - 1 - 0 - -7?
-4
Evaluate -11 + 12 - (-1 + 1) - (2 + 7).
-8
Calculate (0 - 1) + (-16 - (-10 + 8 - 19)).
4
-2 + 4 + 5 - (59 - (-63 - -107))
-8
(6 - 10) + (-5 - 5) + 15
1
What is (10 - 13) + -3 + (-12 - -5)?
-13
Evaluate (-1 - 25) + (-7 - (-22 - (-6 + -1))).
-18
What is 22 + -2 - -13 - 21?
12
Evaluate -5 + (3 + 13 - 11) + 22.
22
Calculate -4 + 13 + (25 - 23).
11
Calculate 1 + -3 - (-26 - (2 + -22)).
4
What is 13 + -42 + 7 - -7?
-15
What is 44 - (27 + 39) - -9?
-13
Calculate (13 - 19) + 48 - 37.
5
What is the value of 31 - (83 - (2 + 14))?
-36
What is the value of 56 + -33 + -30 + 33 + 0?
26
Evaluate 5 + 1 + -1 - (-9 + 20) - -21.
15
Calculate (-5 - (0 + 9)) + 2.
-12
Calculate 28 + -17 + -14 + (-19 - (-6 - -4)).
-20
-27 + 19 + -7 + 3 + 5
-7
Calculate 8 + 2 + (3 - 6).
7
What is (0 - 0) + -3 + (-7 + 3 - -6)?
-1
(2 - 2) + 17 + -23
-6
Calculate -2 - (6 + (-7 - (-3 + 7)) + 2).
1
What is the value of -32 + 0 - (69 + -93)?
-8
What is the value of 5 + (0 - -16) - 1?
20
What is the value of 10 + -12 + 18 + 12?
28
What is the value of 22 + -17 + -9 + 0?
-4
What is the value of (1 - 18) + (103 - 80)?
6
What is (517 - 494) + -1 + -5?
17
What is the value of (1 - -12 - (45 + -41)) + -3?
6
What is the value of 32 - 19 - (0 + -6) - (14 + -4)?
9
Evaluate -6 - -5 - -5 - 5 - (7 + -20).
12
What is (35 + -6 - (23 - 18)) + -5?
19
Evaluate -10 + -1 + ((7 - 5) + -6 - -7).
-8
-16 + (-6 - 3) + 24
-1
(7 + 44 - 71) + -1 + -18
-39
What is the value of 26 + -8 + 1 + -9 + 10?
20
Evaluate 6 + -5 - 0 - (2 - 0).
-1
What is 32 + (13 - 25) - (15 + -3)?
8
What is the value of 11 + (12 - 8 - 15 - 10) + 7?
-3
What is the value of 9 - (5 + -1 - 4) - (0 - 3)?
12
What is the value of -21 - -1 - (1008 + -1001)?
-27
Evaluate -27 + 15 + 7 + -1 - -30.
24
Evaluate -2 + -8 + -1 + (-17 - -29).
1
What is the value of -3 + (1 - (1 - (-6 - -10)))?
1
What is the value of 0 - (-46 + -2) - (-597 + 612)?
33
Calculate (-39 - (9 - (18 - -9))) + 14.
-7
Calculate 11 + (-1 + -30 - -2).
-18
Evaluate 3 + (-17 - -11 - (-1 - 12)).
10
What is the value of 2 + -10 - (4 - (9 + 0)) - -3?
0
What is 50 + -20 + -49 + 0 + 3 + 8?
-8
Calculate -12 + 1 + -2 + -1 - (352 - 352).
-14
-7 + -1 + 11 + -8 + 15
10
What is the value of -1 + 3 + -7 - -9 - (27 + -27)?
4
Calculate 16 - (16 + -13 - -11).
2
Calculate (28 - 37 - (-5 + -1)) + -6 + -9.
-18
(-26 - (-23 - -11)) + -18
-32
Evaluate 16 - ((-21 - -8 - -8) + 5).
16
Calculate (-21 - (8 + -31)) + 24.
26
What is 0 + 3 + (2 - 10) + 12?
7
(-1 - (-1 - -4 - 2)) + 325 + -341
-18
What is the value of 23 + (2 - 2) + -9?
14
-25 + (2 - -54) - (-1 - 0 - 0)
32
What is (17 - 23) + -4 + -1 + 6 + -13?
-18
What is the value of -1 - (2 + 4 + -17 + 24)?
-14
(-4 - (1 + -4 + 9)) + 1
-9
What is -73 + 42 - -42 - 24?
-13
(-1 - (-8 + 0)) + -5
2
Evaluate (-157 - -155) + (0 - -18) + (-3 - -2).
15
(-105 + 160 - 62) + (-1 - -1) + 27
20
Evaluate (-2 - -5 - (-4 + 2)) + 4 + 1.
10
Calculate 14 + (13 - 17) - 9.
1
Evaluate (-12 - 3) + (99 - 97).
-13
Evaluate -17 + 19 + -3 + 3.
2
Evaluate (19 - 9 - (-4 + 19)) + 18.
13
Calculate 38 - 26 - (-12 - -38).
-14
What is (24 - -5) + (-10 + 7 - 0)?
26
What is the value of -98 + 95 + 32 + 2?
31
Evaluate -48 + (3 - (31 + -65)).
-11
2 - 9 - (8 + -6 + -2 + 3)
-10
What is -9 - (8 - (10 - (-1 - 4)))?
-2
-12 + 1 - (-418 + 401) - -1
7
What is the value of 8 + 2 + (-13 - (22 - 31))?
6
Evaluate -20 + (2 - 16 - (-8 - -1)) + 2.
-25
What is the value of (-2 - 0 - -2) + 24 - (3171 - 3163)?
16
What is the value of -9 - (-11 + 23 + -5 + -12)?
-4
1 - (5 + -2) - 3 - (-2 - -1)
-4
-1 + (-5 + 16 - -2) + 3
15
-4 + -1 - (-2 - 14 - -24)
-13
What is -9 + (-14 - ((38 - 40) + 1 + 1))?
-23
What is the value of -3 + (7 - 16 - -7) + 14 + -2?
7
What is the value of 8 - 1 - (-1 - (0 - -11 - 18))?
1
Calculate 34 - 27 - ((-8 + 5 - -5) + 13).
-8
What is the value of -19 + (-1 - (-15 + 4)) + -3?
-12
What is -269 + 272 + (-9 - 1) + -8?
-15
What is (1 + 7 - 15 - (-1 - -12)) + -5?
-23
What is 7 - 1 - 7 - (1 - 0)?
-2
What is the value of -17 + 26 - 7 - -13?
15
Calculate -97 + 90 - (-1 + -12) - 20.
-14
What is the value of -17 - 4 - -9 - -37?
25
Calculate 6 + 1 + (-424 - -407).
-10
Evaluate (542 - 574) + -2 + 38.
4
What is (4 - (10 - -4)) + 13?
3
What is the value of 4 + (-13 - (2 + 6 + -20))?
3
Calculate -7 + (-2 - (4 - (5 - -5)) - -8).
5
What is 9 + (-18 - -6 - -7) + -1 + 8?
11
Evaluate -22 + 110 + -41 - 23.
24
What is 1 + (-21 - -23) + (-15 - -4)?
-8
What is -7 + 18 - 5 - 0?
6
What is 18 + ((-10 - -4) + -1 - -1) - 38?
-26
What is 19 - (-3 - -2) - (784 + -785)?
21
What is the value of 0 + -1 - (20 + -5 + -11)?
-5
Evaluate -14 - -2 - 5 - (0 - 8) - -7.
-2
Evaluate -23 + 14 + 31 - 27.
-5
What is the value of 1 - (35 + -36 - (1 - (-6 - 3)))?
12
3 + -1 + -4 - (6 - -9 - 10)
-7
Evaluate 7 + (15 - (5 + 1)) + -7 + -4.
5
Calculate -18 + 18 - (3 - -5) - -33.
25
Evaluate 54 - 64 - 6 - (-31 - -2).
13
Calculate (0 - -2) + 1 + -10 - (258 + -268).
3
Evaluate -5 - 0 - (15 - (9 - -7)).
-4
2 + -1 - (5 - (2 + (-6 - 3)))
-11
What is 1 + 5 + 4 + 0 - (-10 - -21)?
-1
What is 8 - ((-2 - 12) + 9 - -30)?
-17
What is -30 + 39 + (-3 - 1) + 12?
17
What is (-8 - 3) + (92 - 94)?
-13
What is the value of -14 - (-14 + (19 - 11))?
-8
0 - (-4 + -6 + (1 - -2))
7
Evaluate 993 + -961 + (0 - 31).
1
(7 - 6) + (-3 - (1 - 0)) + 2
-1
-11 + 1 + (-4 - 4) + 14
-4
What is 485 + -454 - (-1 + 10 + 0)?
22
What is the value of 6 + 9 + (12 + -19 - 4)?
4
What is the value of (1 - (0 - -20)) + -2 - (-16 - -11)?
-16
What is the value of (888 - 886) + 9 + (1 - 3)?
9
What is 12 + 1 - (-5 + 14) - 11?
-7
Calculate 0 + -10 - -13 - 9.
-6
Calculate (7 - 0) + (0 - ((34 - 15) + 3)).
-15
What is -10 - (11 - 2 - (13 - (0 + 3)))?
-9
(21 - 11) + -22 - 15
-27
Calculate -8 - (2 - 1) - (-16 - (-26 + 10)).
-9
-1 - -11 - (4 + 23 + -29)
12
What is -5 - (-3 - (-5 + 11)) - 3 - 30?
-29
What is the value of (2 - (2 + -32 - -8)) + -8?
16
What is the value of -13 + 29 - 2 - (1 + -13)?
26
What is -22 - 19 - (54 + -79)?
-16
Calculate (6 - 13) + -11 + 17 - 10.
-11
Evaluate (3 - 26) + (-62 + 64 - (1 - 8)).
-14
Calculate 0 + 4 - ((23 - 11) + -8) - -3.
3
Calculate 24 + (-59 - (-22 + -4)).
-9
Evaluate (1 - 1) + (9 - -10 - 9).
10
Evaluate 25 - 28 - -10 - (0 + -2).
9
What is -13 + (17 + 12 - 10)?
6
What is the value of 7 + 1 + -12 + -17?
-21
Evaluate (-14 - -3) + 1 + (3 - (8 - 5)).
-10
Evaluate 4 + 2 + -2 + -3 + -16 + 0.
-15
Evaluate (-5 - ((-5 - -21) + -8)) + 3 + 4.
-6
Evaluate 12 + -11 + -5 + 9 - -11.
16
What is 0 + (22 - 2) - 24?
-4
(9 - -1) + (-57 - -46) + -2
-3
What is the value of 6 + (1 - 2) + (9 - (31 + -6))?
-11
What is (-5 - 13) + -4 - -37?
15
Calculate -3 - 4 - (-2 - -2 - (-16 - -13)).
-10
0 + 1 + -2 + -11 + 22 + -15
-5
Evaluate -4 + -1 + -6 + (-6 - -4).
-13
Calculate -171 + 151 + 13 + 0.
-7
What is the value of -18 + 24 + 42 - 31?
17
Calculate -10 + 6 + 7 + 3 + -1 - 2.
3
What is the value of -2 + (16 - 18) + -10?
-14
What is the value of (8 - 7 - -2) + 5 + -27?
-19
What is the value of -7 - ((-1 - (-13 + 5)) + 1)?
-15
Evaluate 1 + 14 + -7 + 10 + 11 + -10.
19
Calculate (-11 - -7) + (-37 - -34).
-7
What is the value of 1 - -12 - ((8 - -9) + -14)?
10
(11 - 23 - -32) + 1
21
-3 + 2 + 0 + 0 - (13 - 16)
2
Evaluate -6 + 11 + -4 + -19.
-18
Evaluate -3 + 10 + (9 - 3 - 10).
3
What is (10 - 31 - 16) + 28?
-9
What is the value of -48 + 57 + -6 + 0?
3
-7 + 2 + (3 - (2 - (-7 + 0)))
-11
Evaluate 4 + -16 + -1 + 8.
-5
What is the value of 10 - (-10 + 31 + -4)?
-7
-1 - (-8 - (13 + -6))
14
What is the value of (-5 - 46) + (230 - 197)?
-18
What is -10 - (11 + -1 + (-36 - -15))?
1
Evaluate (1 + 2 + -3 - -13) + (186 - 181).
18
What is the value of 28 - 2 - (-27 - -5 - -20) - 4?
24
What is the value of -11 + (4 - 9) + 18?
2
What is the value of -19 + (4 - (7 + -12)) + 21?
11
Evaluate 0 - 7 - (-14 + 1 + 11 + -10).
5
Evaluate 1 + -7 + (-21 - (-19 - 3)).
-5
What is the value of -6 - -12 